
Let h = -33 + 26. Let w = h - -45. What is the tens digit of w?
3
Let w be 92/6 - 2/(-3). Suppose w = 5*v - 29. What is the units digit of v?
9
Let j = -3 - -6. Let a be j*(-2 + 40/6). Suppose a = 3*x - 4. What is the units digit of x?
6
Suppose -4*c = 3*c - 140. Suppose 4*l + 5*k = -0*l + 140, 5*k + c = 0. What is the units digit of l?
0
Let g(q) = 44*q - 1. Let a be g(-2). Let u = -61 - a. What is the units digit of u?
8
Suppose 2*b - 3*b = 4*f - 136, -3*f = b - 103. Let s = -19 + f. Let j = -10 + s. What is the units digit of j?
4
Let u(g) = -g + 25. Let x be u(0). Let s be (-2)/(-9) - x/(-9). Suppose s*k = 10 + 23. What is the units digit of k?
1
Let p(g) = 2*g**2 - 12*g + 2. What is the tens digit of p(7)?
1
Suppose 0 = 5*c + 18 - 63. Let s(a) = -6*a**2 + 7*a - 4. Let o(q) = -5*q**2 + 7*q - 3. Let d(w) = -5*o(w) + 4*s(w). What is the tens digit of d(c)?
1
Suppose -2*q - c = -270, 4*c = 5*q - 0*c - 662. What is the units digit of q?
4
Let b be 6*7/6*-2. Let f = 7 + b. Let s = f - -10. What is the units digit of s?
3
Let v(f) = 2*f. Let g(s) = -s - 1. Let i(x) = -g(x) - v(x). Let n be i(7). Let k = 13 + n. What is the units digit of k?
7
Let i(u) = u**2 + 7. Let n(o) = -o**2 - 6*o - 5. Let m = 11 + -16. Let z be n(m). What is the units digit of i(z)?
7
What is the units digit of ((-164)/(-3))/(36/54)?
2
Let t be -1 + (0 - -1 - -12). What is the units digit of (-69)/t*2*-2?
3
Suppose -3*z - z = -36. Let x = z + -6. Suppose 3*f + 3*p + 1 = f, x*f - 26 = p. What is the units digit of f?
7
Let g = -97 + 163. What is the tens digit of g?
6
What is the tens digit of ((-702)/45)/((6/(-10))/3)?
7
Let t(g) = g**3 + 8*g**2 + 6*g - 3. Let c be t(-7). Suppose -2*b + 7*b - 34 = -l, -c*l = 4*b - 24. What is the units digit of b?
7
Let z be (4/(-6))/(24/(-900)). Let r(c) = -c. Let y be r(-4). Suppose 4*p - 40 = -4*w, -y*w - z = 4*p - 5*p. What is the tens digit of p?
1
Let d = 1 + 1. Suppose d*c + 24 = 6*c. What is the units digit of c?
6
Let l = 22 - 14. Suppose -4*n + 5*u + l = 0, -3*u = u - 16. What is the units digit of n?
7
Suppose -2 = -2*z - 54. Let q = -15 - z. What is the units digit of q?
1
Let r(m) = -m**3 + 9*m**2 + 8*m - 7. Let j be r(6). Suppose -2*y = -3*t + 117, -t + j = 3*t - 5*y. What is the tens digit of t?
4
Let h be (-1)/(-1) + 4/1. Let y(n) = -2*n**3 + n**2 + 2*n + 3. Let b be y(-2). Suppose -h - b = -4*i. What is the units digit of i?
6
Let t be (-8)/12*(1 + -16). What is the units digit of (14/t)/((-3)/(-15))?
7
Let a(d) = 26*d**3 + 12*d + 9. Let h(j) = -9*j**3 - 4*j - 3. Let m(k) = -6*a(k) - 17*h(k). What is the units digit of m(-2)?
9
Suppose -2*h + 6*h + 3*b = 357, -3*b = -3*h + 252. What is the tens digit of h?
8
Suppose 0 = b - 5, 3*x + 4*b - 41 = 0. Let m be (-54)/(-10) + (-4)/10. Suppose -m*k - 5 = 5*y, -k + 17 = 2*y - x*y. What is the units digit of k?
2
Let l be 2/(-8) - (-4)/16. Suppose -54 = -l*n - 3*n. What is the units digit of n?
8
Suppose -p + 4*p = -9. Let s(k) = -7*k. What is the tens digit of s(p)?
2
Let b(u) = 7*u - 1. Let y be b(1). Let w be (-1)/(3/y) + 7. Suppose -w*x = -4*x - 9. What is the units digit of x?
9
Suppose -11 + 5 = -2*r. Suppose r*l = -9, -4*f + 75 - 4 = -5*l. What is the tens digit of f?
1
Suppose -5*o + 4*a = -16, -2*o + 3*a = 3*o - 12. Let i = 3 - o. Let c = i - -4. What is the units digit of c?
7
Let t(o) = 8*o - 1. Let s be t(12). Suppose 8*b - 3*b - s = 5*g, 3*g = 9. What is the units digit of b?
2
Let w = 103 - 66. What is the tens digit of w?
3
Let n = -4 + 1. Let l = n - -3. Suppose x = g - 12, 3*g + 5*x - 4 + 0 = l. What is the units digit of g?
8
Let w(k) = -k**2 - 4*k + 1. Suppose 4*n + 19 = 2*u + 3, 2 = u. What is the units digit of w(n)?
4
Let p(w) = 0*w + 6*w + 7 - w**3 - 2 - 5*w**2 - w. What is the tens digit of p(-6)?
1
Let w(b) = b**3 - 11*b**2 + 10*b + 5. Let u(q) = -q**2 - 8*q + 10. Let c be u(-8). Let t be w(c). Suppose 0 = 3*h - t*h + 14. What is the units digit of h?
7
Let w = -1 + 2. Let b(j) = -j**3 - 4*j**2 + 5*j + 2. Let t be b(-5). Suppose l + w = t*l. What is the units digit of l?
1
Let l(m) = -m + 3. Let v be l(0). Suppose -3*q - u + v*u = -6, 3*q + 4*u = 24. Suppose -2*n + q = -n. What is the units digit of n?
4
Suppose -5*d = -3*u + 31 - 6, 5*u - 5*d = 55. Suppose -3*s + 0*s - u = -2*k, -3*k + 5*s = -21. What is the units digit of k?
2
Suppose -198 = -9*f + 3*f. What is the tens digit of f?
3
Let l(r) = 8*r**2. Let c be l(-1). Suppose 0 = -5*f + 7 + 73. Let x = f - c. What is the units digit of x?
8
Suppose -45 = 5*q - 5. Let x(r) = r**2 + 8*r + 4. Let c be x(q). Suppose -2*l + 5*b = -24, 3*b - 14 = c*l - 48. What is the units digit of l?
7
Let f(b) = -b**2 - 5*b. Let n be f(-4). Suppose -3*s - 20 = -n*s. What is the units digit of s?
0
Let f = -73 - -88. What is the units digit of f?
5
Suppose -z = 2*z - 9. Let n = -2 - z. What is the tens digit of 260/25 - (-2)/n?
1
Suppose -4 = -3*k + k. Let y = -2 + k. Suppose y = -2*t + 15 - 1. What is the units digit of t?
7
Let q be 5/(-20) + 21/4. Suppose -7*s + 8*s = q. Suppose -1 - 4 = -s*r. What is the units digit of r?
1
Suppose 0 = l + 3*h - 9, -3*l + 4*h + 53 = 0. What is the tens digit of l?
1
Suppose -2*d = -2*a + 2, a - 1 = -d + 2. Suppose 0*l = -4*r + l + 28, 0 = -r + a*l + 14. What is the units digit of r?
6
Let c = 56 - 8. What is the units digit of c?
8
Let f be 6*4 - (2 - 4). Let q = f - 14. What is the tens digit of q?
1
Suppose 3*a + 0*z - 409 = 4*z, 128 = a - 3*z. What is the hundreds digit of a?
1
Let l(m) be the second derivative of -m**5/20 - 7*m**4/12 - 3*m**3/2 - 2*m**2 + m. What is the tens digit of l(-6)?
1
Let k = -94 - -327. What is the tens digit of k?
3
Suppose 2*v + 2*s - 46 = 0, 0 = 5*v - 0*s + 4*s - 116. What is the tens digit of v?
2
Let g = 19 - 15. Suppose 7 = n - 5*w, -35 = -n - 4*n - g*w. What is the units digit of n?
7
Suppose 4*q - 7 = 5*y + 9, 4*q + 4 = 0. What is the units digit of y + -1 + (54 - 3)?
6
Let d(b) = -b**2 + 4*b + 3. Let q be d(4). Suppose -5*a + 32 = q*f, f + 3*f = -3*a + 50. What is the tens digit of f?
1
Let p be 1932/54 - (-2)/9. Let x = 57 - p. What is the units digit of x?
1
Let o(f) be the third derivative of 0 + 0*f - 1/2*f**3 - f**2 - 1/60*f**5 - 1/8*f**4 - 1/60*f**6. What is the units digit of o(-2)?
5
Suppose -2*u - 19 + 59 = 0. What is the units digit of u?
0
Suppose 2*d = 2*i + 2*i - 32, 0 = 3*i + 3*d - 42. What is the units digit of i?
0
Suppose 2*z + 4*z = -228. Let p = -86 - -59. Let b = p - z. What is the units digit of b?
1
Suppose -52 - 101 = -9*f. What is the tens digit of f?
1
Let m(a) = -2*a + 3*a + 0*a + 5 - 3*a. What is the tens digit of m(-4)?
1
Suppose 2*a + 0*a = 12. Let b = a + -1. What is the units digit of b?
5
Let q be 4 - ((3 - 2) + 0). Let z be ((-18)/15)/q*5. What is the units digit of 36/8 - 1/z?
5
Let b be (-1)/2 - 44/(-8). Suppose -3 - 7 = -b*f. Suppose f*h + 5*x = x + 8, h - x = 4. What is the units digit of h?
4
Let i be 0/1 + 0 - -5. Suppose m - 2*m = -i*t + 64, 0 = -4*m - 16. What is the units digit of t?
2
Let j(f) = 2*f - 7. Let u be j(5). What is the units digit of 1 + u/1 - 2?
2
Let l be 4/(4*(-3)/(-186)). Suppose -5*y + 59 = -v, -5*y + l = -0*y + 2*v. What is the units digit of 2/(-8) - (-39)/y?
3
Suppose -5*k + 52 = w, 53 - 223 = -3*w - k. What is the tens digit of w?
5
Suppose -3*s + 1431 = 519. What is the hundreds digit of s?
3
What is the units digit of (-74)/(-6)*(-10 - -13)?
7
Let n = 224 - 156. What is the units digit of n?
8
Suppose -1 - 5 = -f. Let a be (-3)/f*-2*1. Suppose 14 = 5*w - a. What is the units digit of w?
3
Let q(t) = -t**3 - t**2 - 28. Let w be q(0). Let m = -10 - w. What is the tens digit of m?
1
Let t(x) = -6*x**3 - x**2 + x + 1. What is the units digit of t(-1)?
5
Suppose 4*n - 5*u = -u, 4*n = -u + 10. Let y(d) = d. Let w be y(n). What is the units digit of (-1)/w - 19/(-2)?
9
Let x(f) = -f**3 + f**2. Let n be x(1). Suppose 4*q + n*s - 2*s = 46, -5*s + 67 = 4*q. Let t = 22 - q. What is the units digit of t?
9
Suppose 0 = -4*k - 5*z + 12, 1 - 4 = -k + 3*z. Suppose -3*s + 0*s = -24. Suppose -m + s = -2*x, -24 = -k*m - x - x. What is the units digit of m?
8
Let n(g) = -g**2 - 7*g. Suppose -5*y + 3*q + 3 = 0, 2*q = 2*y - q - 3. Suppose -3*c + y = 12. What is the tens digit of n(c)?
1
Suppose -2*w + 